{"id":1531,"date":"2025-12-13T18:47:00","date_gmt":"2025-12-13T17:47:00","guid":{"rendered":"https:\/\/propono.fr\/?page_id=1531"},"modified":"2026-01-30T18:24:45","modified_gmt":"2026-01-30T17:24:45","slug":"soclage","status":"publish","type":"page","link":"https:\/\/propono.fr\/index.php\/soclage\/","title":{"rendered":"Soclage"},"content":{"rendered":"\t\t<div data-elementor-type=\"wp-page\" data-elementor-id=\"1531\" class=\"elementor elementor-1531\">\n\t\t\t\t<div class=\"elementor-element elementor-element-3ed3596 e-flex e-con-boxed e-con e-parent\" data-id=\"3ed3596\" data-element_type=\"container\">\n\t\t\t\t\t<div class=\"e-con-inner\">\n\t\t\t\t<div class=\"elementor-element elementor-element-3696eb5 elementor-widget elementor-widget-spacer\" data-id=\"3696eb5\" data-element_type=\"widget\" data-widget_type=\"spacer.default\">\n\t\t\t\t<div class=\"elementor-widget-container\">\n\t\t\t\t\t\t\t<div class=\"elementor-spacer\">\n\t\t\t<div class=\"elementor-spacer-inner\"><\/div>\n\t\t<\/div>\n\t\t\t\t\t\t<\/div>\n\t\t\t\t<\/div>\n\t\t\t\t<div class=\"elementor-element elementor-element-734e175 elementor-invisible elementor-widget elementor-widget-heading\" data-id=\"734e175\" data-element_type=\"widget\" data-settings=\"{&quot;_animation&quot;:&quot;fadeIn&quot;}\" data-widget_type=\"heading.default\">\n\t\t\t\t<div class=\"elementor-widget-container\">\n\t\t\t\t\t<h2 class=\"elementor-heading-title elementor-size-default\">Soclage<\/h2>\t\t\t\t<\/div>\n\t\t\t\t<\/div>\n\t\t\t\t<div class=\"elementor-element elementor-element-4bbfb20 elementor-hidden-desktop elementor-hidden-tablet elementor-widget elementor-widget-spacer\" data-id=\"4bbfb20\" data-element_type=\"widget\" data-widget_type=\"spacer.default\">\n\t\t\t\t<div class=\"elementor-widget-container\">\n\t\t\t\t\t\t\t<div class=\"elementor-spacer\">\n\t\t\t<div class=\"elementor-spacer-inner\"><\/div>\n\t\t<\/div>\n\t\t\t\t\t\t<\/div>\n\t\t\t\t<\/div>\n\t\t<div class=\"elementor-element elementor-element-37ab972 e-grid e-con-full elementor-hidden-mobile e-con e-child\" data-id=\"37ab972\" data-element_type=\"container\">\n\t\t\t\t<div class=\"elementor-element elementor-element-9559c78 elementor-widget elementor-widget-image\" data-id=\"9559c78\" data-element_type=\"widget\" data-widget_type=\"image.default\">\n\t\t\t\t<div class=\"elementor-widget-container\">\n\t\t\t\t\t\t\t\t\t\t\t\t\t\t\t<img decoding=\"async\" src=\"https:\/\/propono.fr\/wp-content\/uploads\/2025\/07\/IMG_4939-scaled-e1767021658737.jpg\" title=\"propono-soclage\" alt=\"propono-soclage\" loading=\"lazy\" \/>\t\t\t\t\t\t\t\t\t\t\t\t\t\t\t<\/div>\n\t\t\t\t<\/div>\n\t\t\t\t<div class=\"elementor-element elementor-element-8022cb6 elementor-widget elementor-widget-image\" data-id=\"8022cb6\" data-element_type=\"widget\" data-widget_type=\"image.default\">\n\t\t\t\t<div class=\"elementor-widget-container\">\n\t\t\t\t\t\t\t\t\t\t\t\t\t\t\t<img decoding=\"async\" src=\"https:\/\/propono.fr\/wp-content\/uploads\/2025\/07\/IMG_4675-scaled-e1767021685293.jpg\" title=\"propono-soclage\" alt=\"propono-soclage\" loading=\"lazy\" \/>\t\t\t\t\t\t\t\t\t\t\t\t\t\t\t<\/div>\n\t\t\t\t<\/div>\n\t\t\t\t<div class=\"elementor-element elementor-element-8dea37c elementor-widget elementor-widget-image\" data-id=\"8dea37c\" data-element_type=\"widget\" data-widget_type=\"image.default\">\n\t\t\t\t<div class=\"elementor-widget-container\">\n\t\t\t\t\t\t\t\t\t\t\t\t\t\t\t<img decoding=\"async\" src=\"https:\/\/propono.fr\/wp-content\/uploads\/2025\/07\/IMG_4965-scaled-e1767021706899.jpg\" title=\"IMG_4965\" alt=\"IMG_4965\" loading=\"lazy\" \/>\t\t\t\t\t\t\t\t\t\t\t\t\t\t\t<\/div>\n\t\t\t\t<\/div>\n\t\t\t\t<\/div>\n\t\t<div class=\"elementor-element elementor-element-f092807 e-con-full e-flex e-con e-child\" data-id=\"f092807\" data-element_type=\"container\">\n\t\t\t\t<div class=\"elementor-element elementor-element-ea5c12c elementor-hidden-desktop elementor-hidden-tablet elementor-pagination-position-outside elementor-widget elementor-widget-image-carousel\" data-id=\"ea5c12c\" data-element_type=\"widget\" data-settings=\"{&quot;navigation&quot;:&quot;dots&quot;,&quot;autoplay&quot;:&quot;yes&quot;,&quot;pause_on_hover&quot;:&quot;yes&quot;,&quot;pause_on_interaction&quot;:&quot;yes&quot;,&quot;autoplay_speed&quot;:5000,&quot;infinite&quot;:&quot;yes&quot;,&quot;speed&quot;:500}\" data-widget_type=\"image-carousel.default\">\n\t\t\t\t<div class=\"elementor-widget-container\">\n\t\t\t\t\t\t\t<div class=\"elementor-image-carousel-wrapper swiper\" role=\"region\" aria-roledescription=\"carousel\" aria-label=\"Carrousel d\u2019images\" dir=\"ltr\">\n\t\t\t<div class=\"elementor-image-carousel swiper-wrapper\" aria-live=\"off\">\n\t\t\t\t\t\t\t\t<div class=\"swiper-slide\" role=\"group\" aria-roledescription=\"slide\" aria-label=\"1 sur 3\"><figure class=\"swiper-slide-inner\"><img decoding=\"async\" class=\"swiper-slide-image\" src=\"https:\/\/propono.fr\/wp-content\/uploads\/2025\/07\/IMG_4939-scaled-e1767021658737.jpg\" alt=\"propono-soclage\" \/><\/figure><\/div><div class=\"swiper-slide\" role=\"group\" aria-roledescription=\"slide\" aria-label=\"2 sur 3\"><figure class=\"swiper-slide-inner\"><img decoding=\"async\" class=\"swiper-slide-image\" src=\"https:\/\/propono.fr\/wp-content\/uploads\/2025\/07\/IMG_4675-scaled-e1767021685293.jpg\" alt=\"propono-soclage\" \/><\/figure><\/div><div class=\"swiper-slide\" role=\"group\" aria-roledescription=\"slide\" aria-label=\"3 sur 3\"><figure class=\"swiper-slide-inner\"><img decoding=\"async\" class=\"swiper-slide-image\" src=\"https:\/\/propono.fr\/wp-content\/uploads\/2025\/07\/IMG_4965-scaled-e1767021706899.jpg\" alt=\"IMG_4965\" \/><\/figure><\/div>\t\t\t<\/div>\n\t\t\t\t\t\t\t\n\t\t\t\t\t\t\t\t\t<div class=\"swiper-pagination\"><\/div>\n\t\t\t\t\t\t\t\t\t<\/div>\n\t\t\t\t\t\t<\/div>\n\t\t\t\t<\/div>\n\t\t\t\t<div class=\"elementor-element elementor-element-ffcf5c7 elementor-invisible elementor-widget elementor-widget-text-editor\" data-id=\"ffcf5c7\" data-element_type=\"widget\" data-settings=\"{&quot;_animation&quot;:&quot;fadeIn&quot;}\" data-widget_type=\"text-editor.default\">\n\t\t\t\t<div class=\"elementor-widget-container\">\n\t\t\t\t\t\t\t\t\t<h2 data-start=\"225\" data-end=\"242\"><strong><em><span style=\"font-size: 20px; letter-spacing: -0.8px;\">Soutenir et magnifier objets et collections.\u00a0<\/span><\/em><\/strong><\/h2><p>\u00c0 chaque projet, \u00e0 chaque objet, e<span style=\"letter-spacing: -0.8px;\">n fonction de sa taille, de sa nature, de sa forme, nous concevons pour vous une solution adapt\u00e9e, ex\u00e9cut\u00e9e dans les meilleurs mat\u00e9riaux.<\/span><\/p><p>Des premiers aller-voir jusqu\u2019 \u00e0 l\u2019int\u00e9gration sur site, nous mettons tout en \u0153uvre pour garantir l&rsquo;int\u00e9grit\u00e9 des \u0153uvres dans le respect le plus strict des normes de conservation pr\u00e9conis\u00e9es par l\u2019Institut National du Patrimoine (INP).<\/p>\t\t\t\t\t\t\t\t<\/div>\n\t\t\t\t<\/div>\n\t\t<div class=\"elementor-element elementor-element-5892da2 e-grid e-con-full elementor-hidden-mobile e-con e-child\" data-id=\"5892da2\" data-element_type=\"container\">\n\t\t\t\t<div class=\"elementor-element elementor-element-da1c9af elementor-widget elementor-widget-spacer\" data-id=\"da1c9af\" data-element_type=\"widget\" data-widget_type=\"spacer.default\">\n\t\t\t\t<div class=\"elementor-widget-container\">\n\t\t\t\t\t\t\t<div class=\"elementor-spacer\">\n\t\t\t<div class=\"elementor-spacer-inner\"><\/div>\n\t\t<\/div>\n\t\t\t\t\t\t<\/div>\n\t\t\t\t<\/div>\n\t\t\t\t<div class=\"elementor-element elementor-element-097e7ee elementor-widget elementor-widget-spacer\" data-id=\"097e7ee\" data-element_type=\"widget\" data-widget_type=\"spacer.default\">\n\t\t\t\t<div class=\"elementor-widget-container\">\n\t\t\t\t\t\t\t<div class=\"elementor-spacer\">\n\t\t\t<div class=\"elementor-spacer-inner\"><\/div>\n\t\t<\/div>\n\t\t\t\t\t\t<\/div>\n\t\t\t\t<\/div>\n\t\t\t\t<div class=\"elementor-element elementor-element-f65db47 elementor-widget elementor-widget-spacer\" data-id=\"f65db47\" data-element_type=\"widget\" data-widget_type=\"spacer.default\">\n\t\t\t\t<div class=\"elementor-widget-container\">\n\t\t\t\t\t\t\t<div class=\"elementor-spacer\">\n\t\t\t<div class=\"elementor-spacer-inner\"><\/div>\n\t\t<\/div>\n\t\t\t\t\t\t<\/div>\n\t\t\t\t<\/div>\n\t\t\t\t<div class=\"elementor-element elementor-element-f7d691a elementor-widget elementor-widget-spacer\" data-id=\"f7d691a\" data-element_type=\"widget\" data-widget_type=\"spacer.default\">\n\t\t\t\t<div class=\"elementor-widget-container\">\n\t\t\t\t\t\t\t<div class=\"elementor-spacer\">\n\t\t\t<div class=\"elementor-spacer-inner\"><\/div>\n\t\t<\/div>\n\t\t\t\t\t\t<\/div>\n\t\t\t\t<\/div>\n\t\t\t\t<div class=\"elementor-element elementor-element-11148d6 elementor-widget elementor-widget-spacer\" data-id=\"11148d6\" data-element_type=\"widget\" data-widget_type=\"spacer.default\">\n\t\t\t\t<div class=\"elementor-widget-container\">\n\t\t\t\t\t\t\t<div class=\"elementor-spacer\">\n\t\t\t<div class=\"elementor-spacer-inner\"><\/div>\n\t\t<\/div>\n\t\t\t\t\t\t<\/div>\n\t\t\t\t<\/div>\n\t\t\t\t<div class=\"elementor-element elementor-element-16c5e9f elementor-widget elementor-widget-spacer\" data-id=\"16c5e9f\" data-element_type=\"widget\" data-widget_type=\"spacer.default\">\n\t\t\t\t<div class=\"elementor-widget-container\">\n\t\t\t\t\t\t\t<div class=\"elementor-spacer\">\n\t\t\t<div class=\"elementor-spacer-inner\"><\/div>\n\t\t<\/div>\n\t\t\t\t\t\t<\/div>\n\t\t\t\t<\/div>\n\t\t\t\t<div class=\"elementor-element elementor-element-1969155 elementor-widget elementor-widget-spacer\" data-id=\"1969155\" data-element_type=\"widget\" data-widget_type=\"spacer.default\">\n\t\t\t\t<div class=\"elementor-widget-container\">\n\t\t\t\t\t\t\t<div class=\"elementor-spacer\">\n\t\t\t<div class=\"elementor-spacer-inner\"><\/div>\n\t\t<\/div>\n\t\t\t\t\t\t<\/div>\n\t\t\t\t<\/div>\n\t\t\t\t<div class=\"elementor-element elementor-element-2208198 elementor-widget elementor-widget-spacer\" data-id=\"2208198\" data-element_type=\"widget\" data-widget_type=\"spacer.default\">\n\t\t\t\t<div class=\"elementor-widget-container\">\n\t\t\t\t\t\t\t<div class=\"elementor-spacer\">\n\t\t\t<div class=\"elementor-spacer-inner\"><\/div>\n\t\t<\/div>\n\t\t\t\t\t\t<\/div>\n\t\t\t\t<\/div>\n\t\t\t\t<div class=\"elementor-element elementor-element-1b9a6a0 elementor-widget elementor-widget-spacer\" data-id=\"1b9a6a0\" data-element_type=\"widget\" data-widget_type=\"spacer.default\">\n\t\t\t\t<div class=\"elementor-widget-container\">\n\t\t\t\t\t\t\t<div class=\"elementor-spacer\">\n\t\t\t<div class=\"elementor-spacer-inner\"><\/div>\n\t\t<\/div>\n\t\t\t\t\t\t<\/div>\n\t\t\t\t<\/div>\n\t\t\t\t<div class=\"elementor-element elementor-element-74dad38 elementor-widget elementor-widget-spacer\" data-id=\"74dad38\" data-element_type=\"widget\" data-widget_type=\"spacer.default\">\n\t\t\t\t<div class=\"elementor-widget-container\">\n\t\t\t\t\t\t\t<div class=\"elementor-spacer\">\n\t\t\t<div class=\"elementor-spacer-inner\"><\/div>\n\t\t<\/div>\n\t\t\t\t\t\t<\/div>\n\t\t\t\t<\/div>\n\t\t\t\t<div class=\"elementor-element elementor-element-cfd1d1d elementor-widget elementor-widget-image\" data-id=\"cfd1d1d\" data-element_type=\"widget\" data-widget_type=\"image.default\">\n\t\t\t\t<div class=\"elementor-widget-container\">\n\t\t\t\t\t\t\t\t\t\t\t\t\t\t\t<img fetchpriority=\"high\" decoding=\"async\" width=\"512\" height=\"512\" src=\"https:\/\/propono.fr\/wp-content\/uploads\/2025\/07\/cropped-Copie-de-Sans-titre.png\" class=\"attachment-large size-large wp-image-947\" alt=\"\" srcset=\"https:\/\/propono.fr\/wp-content\/uploads\/2025\/07\/cropped-Copie-de-Sans-titre.png 512w, https:\/\/propono.fr\/wp-content\/uploads\/2025\/07\/cropped-Copie-de-Sans-titre-300x300.png 300w, https:\/\/propono.fr\/wp-content\/uploads\/2025\/07\/cropped-Copie-de-Sans-titre-150x150.png 150w, https:\/\/propono.fr\/wp-content\/uploads\/2025\/07\/cropped-Copie-de-Sans-titre-270x270.png 270w, https:\/\/propono.fr\/wp-content\/uploads\/2025\/07\/cropped-Copie-de-Sans-titre-192x192.png 192w, https:\/\/propono.fr\/wp-content\/uploads\/2025\/07\/cropped-Copie-de-Sans-titre-180x180.png 180w, https:\/\/propono.fr\/wp-content\/uploads\/2025\/07\/cropped-Copie-de-Sans-titre-32x32.png 32w, https:\/\/propono.fr\/wp-content\/uploads\/2025\/07\/elementor\/thumbs\/cropped-Copie-de-Sans-titre-r8lqfwwhh0fnkk4p69iugso2r3t0983zl4ciz4mtc4.png 90w, https:\/\/propono.fr\/wp-content\/uploads\/2025\/07\/elementor\/thumbs\/cropped-Copie-de-Sans-titre-r8lqfwwhcmk0erbbqdfq96s8nddue1sezxw0czl3c0.png 80w\" sizes=\"(max-width: 512px) 100vw, 512px\" \/>\t\t\t\t\t\t\t\t\t\t\t\t\t\t\t<\/div>\n\t\t\t\t<\/div>\n\t\t\t\t<\/div>\n\t\t\t\t<\/div>\n\t\t\t\t\t<\/div>\n\t\t\t\t<\/div>\n\t\t\t\t<\/div>\n\t\t","protected":false},"excerpt":{"rendered":"<p>Soclage Soutenir et magnifier objets et collections.\u00a0 \u00c0 chaque projet, \u00e0 chaque objet, en fonction de sa taille, de sa nature, de sa forme, nous concevons pour vous une solution adapt\u00e9e, ex\u00e9cut\u00e9e dans les meilleurs mat\u00e9riaux. Des premiers aller-voir jusqu\u2019 \u00e0 l\u2019int\u00e9gration sur site, nous mettons tout en \u0153uvre pour garantir l&rsquo;int\u00e9grit\u00e9 des \u0153uvres dans [&hellip;]<\/p>\n","protected":false},"author":1,"featured_media":0,"parent":0,"menu_order":0,"comment_status":"closed","ping_status":"closed","template":"","meta":{"footnotes":""},"class_list":["post-1531","page","type-page","status-publish","hentry"],"yoast_head":"<!-- This site is optimized with the Yoast SEO plugin v25.7 - https:\/\/yoast.com\/wordpress\/plugins\/seo\/ -->\n<title>Accueil | Propono | Sc\u00e9nographie et soclage<\/title>\n<meta name=\"description\" content=\"Propono est une entreprise bas\u00e9e en Corse, sp\u00e9cialis\u00e9e dans la sc\u00e9nographie, le soclage et la fabrication de mobilier mus\u00e9al sur mesure.\" \/>\n<meta name=\"robots\" content=\"index, follow, max-snippet:-1, max-image-preview:large, max-video-preview:-1\" \/>\n<link rel=\"canonical\" href=\"https:\/\/propono.fr\/index.php\/soclage\/\" \/>\n<meta property=\"og:locale\" content=\"fr_FR\" \/>\n<meta property=\"og:type\" content=\"article\" \/>\n<meta property=\"og:title\" content=\"Accueil | Propono | Sc\u00e9nographie et soclage\" \/>\n<meta property=\"og:description\" content=\"Propono est une entreprise bas\u00e9e en Corse, sp\u00e9cialis\u00e9e dans la sc\u00e9nographie, le soclage et la fabrication de mobilier mus\u00e9al sur mesure.\" \/>\n<meta property=\"og:url\" content=\"https:\/\/propono.fr\/index.php\/soclage\/\" \/>\n<meta property=\"og:site_name\" content=\"Propono - Sc\u00e9nographie et soclage\" \/>\n<meta property=\"article:modified_time\" content=\"2026-01-30T17:24:45+00:00\" \/>\n<meta property=\"og:image\" content=\"http:\/\/propono.fr\/wp-content\/uploads\/elementor\/thumbs\/IMG_4939-scaled-e1767021658737-rgvjb7iecck30m5dbhceawqeh3jgk20oz821rrvchs.jpg\" \/>\n<meta name=\"twitter:card\" content=\"summary_large_image\" \/>\n<meta name=\"twitter:label1\" content=\"Dur\u00e9e de lecture estim\u00e9e\" \/>\n\t<meta name=\"twitter:data1\" content=\"3 minutes\" \/>\n<script type=\"application\/ld+json\" class=\"yoast-schema-graph\">{\"@context\":\"https:\/\/schema.org\",\"@graph\":[{\"@type\":\"WebPage\",\"@id\":\"https:\/\/propono.fr\/index.php\/soclage\/\",\"url\":\"https:\/\/propono.fr\/index.php\/soclage\/\",\"name\":\"Accueil | Propono | Sc\u00e9nographie et soclage\",\"isPartOf\":{\"@id\":\"https:\/\/propono.fr\/#website\"},\"primaryImageOfPage\":{\"@id\":\"https:\/\/propono.fr\/index.php\/soclage\/#primaryimage\"},\"image\":{\"@id\":\"https:\/\/propono.fr\/index.php\/soclage\/#primaryimage\"},\"thumbnailUrl\":\"http:\/\/propono.fr\/wp-content\/uploads\/elementor\/thumbs\/IMG_4939-scaled-e1767021658737-rgvjb7iecck30m5dbhceawqeh3jgk20oz821rrvchs.jpg\",\"datePublished\":\"2025-12-13T17:47:00+00:00\",\"dateModified\":\"2026-01-30T17:24:45+00:00\",\"description\":\"Propono est une entreprise bas\u00e9e en Corse, sp\u00e9cialis\u00e9e dans la sc\u00e9nographie, le soclage et la fabrication de mobilier mus\u00e9al sur mesure.\",\"breadcrumb\":{\"@id\":\"https:\/\/propono.fr\/index.php\/soclage\/#breadcrumb\"},\"inLanguage\":\"fr-FR\",\"potentialAction\":[{\"@type\":\"ReadAction\",\"target\":[\"https:\/\/propono.fr\/index.php\/soclage\/\"]}]},{\"@type\":\"ImageObject\",\"inLanguage\":\"fr-FR\",\"@id\":\"https:\/\/propono.fr\/index.php\/soclage\/#primaryimage\",\"url\":\"http:\/\/propono.fr\/wp-content\/uploads\/elementor\/thumbs\/IMG_4939-scaled-e1767021658737-rgvjb7iecck30m5dbhceawqeh3jgk20oz821rrvchs.jpg\",\"contentUrl\":\"http:\/\/propono.fr\/wp-content\/uploads\/elementor\/thumbs\/IMG_4939-scaled-e1767021658737-rgvjb7iecck30m5dbhceawqeh3jgk20oz821rrvchs.jpg\"},{\"@type\":\"BreadcrumbList\",\"@id\":\"https:\/\/propono.fr\/index.php\/soclage\/#breadcrumb\",\"itemListElement\":[{\"@type\":\"ListItem\",\"position\":1,\"name\":\"Accueil\",\"item\":\"https:\/\/propono.fr\/\"},{\"@type\":\"ListItem\",\"position\":2,\"name\":\"Soclage\"}]},{\"@type\":\"WebSite\",\"@id\":\"https:\/\/propono.fr\/#website\",\"url\":\"https:\/\/propono.fr\/\",\"name\":\"Propono - Sc\u00e9nographie et soclage\",\"description\":\"\",\"publisher\":{\"@id\":\"https:\/\/propono.fr\/#organization\"},\"potentialAction\":[{\"@type\":\"SearchAction\",\"target\":{\"@type\":\"EntryPoint\",\"urlTemplate\":\"https:\/\/propono.fr\/?s={search_term_string}\"},\"query-input\":{\"@type\":\"PropertyValueSpecification\",\"valueRequired\":true,\"valueName\":\"search_term_string\"}}],\"inLanguage\":\"fr-FR\"},{\"@type\":\"Organization\",\"@id\":\"https:\/\/propono.fr\/#organization\",\"name\":\"Propono\",\"url\":\"https:\/\/propono.fr\/\",\"logo\":{\"@type\":\"ImageObject\",\"inLanguage\":\"fr-FR\",\"@id\":\"https:\/\/propono.fr\/#\/schema\/logo\/image\/\",\"url\":\"https:\/\/propono.fr\/wp-content\/uploads\/2025\/01\/propono-500-x-250-px-1.png\",\"contentUrl\":\"https:\/\/propono.fr\/wp-content\/uploads\/2025\/01\/propono-500-x-250-px-1.png\",\"width\":1563,\"height\":469,\"caption\":\"Propono\"},\"image\":{\"@id\":\"https:\/\/propono.fr\/#\/schema\/logo\/image\/\"}}]}<\/script>\n<!-- \/ Yoast SEO plugin. -->","yoast_head_json":{"title":"Accueil | Propono | Sc\u00e9nographie et soclage","description":"Propono est une entreprise bas\u00e9e en Corse, sp\u00e9cialis\u00e9e dans la sc\u00e9nographie, le soclage et la fabrication de mobilier mus\u00e9al sur mesure.","robots":{"index":"index","follow":"follow","max-snippet":"max-snippet:-1","max-image-preview":"max-image-preview:large","max-video-preview":"max-video-preview:-1"},"canonical":"https:\/\/propono.fr\/index.php\/soclage\/","og_locale":"fr_FR","og_type":"article","og_title":"Accueil | Propono | Sc\u00e9nographie et soclage","og_description":"Propono est une entreprise bas\u00e9e en Corse, sp\u00e9cialis\u00e9e dans la sc\u00e9nographie, le soclage et la fabrication de mobilier mus\u00e9al sur mesure.","og_url":"https:\/\/propono.fr\/index.php\/soclage\/","og_site_name":"Propono - Sc\u00e9nographie et soclage","article_modified_time":"2026-01-30T17:24:45+00:00","og_image":[{"url":"http:\/\/propono.fr\/wp-content\/uploads\/elementor\/thumbs\/IMG_4939-scaled-e1767021658737-rgvjb7iecck30m5dbhceawqeh3jgk20oz821rrvchs.jpg","type":"","width":"","height":""}],"twitter_card":"summary_large_image","twitter_misc":{"Dur\u00e9e de lecture estim\u00e9e":"3 minutes"},"schema":{"@context":"https:\/\/schema.org","@graph":[{"@type":"WebPage","@id":"https:\/\/propono.fr\/index.php\/soclage\/","url":"https:\/\/propono.fr\/index.php\/soclage\/","name":"Accueil | Propono | Sc\u00e9nographie et soclage","isPartOf":{"@id":"https:\/\/propono.fr\/#website"},"primaryImageOfPage":{"@id":"https:\/\/propono.fr\/index.php\/soclage\/#primaryimage"},"image":{"@id":"https:\/\/propono.fr\/index.php\/soclage\/#primaryimage"},"thumbnailUrl":"http:\/\/propono.fr\/wp-content\/uploads\/elementor\/thumbs\/IMG_4939-scaled-e1767021658737-rgvjb7iecck30m5dbhceawqeh3jgk20oz821rrvchs.jpg","datePublished":"2025-12-13T17:47:00+00:00","dateModified":"2026-01-30T17:24:45+00:00","description":"Propono est une entreprise bas\u00e9e en Corse, sp\u00e9cialis\u00e9e dans la sc\u00e9nographie, le soclage et la fabrication de mobilier mus\u00e9al sur mesure.","breadcrumb":{"@id":"https:\/\/propono.fr\/index.php\/soclage\/#breadcrumb"},"inLanguage":"fr-FR","potentialAction":[{"@type":"ReadAction","target":["https:\/\/propono.fr\/index.php\/soclage\/"]}]},{"@type":"ImageObject","inLanguage":"fr-FR","@id":"https:\/\/propono.fr\/index.php\/soclage\/#primaryimage","url":"http:\/\/propono.fr\/wp-content\/uploads\/elementor\/thumbs\/IMG_4939-scaled-e1767021658737-rgvjb7iecck30m5dbhceawqeh3jgk20oz821rrvchs.jpg","contentUrl":"http:\/\/propono.fr\/wp-content\/uploads\/elementor\/thumbs\/IMG_4939-scaled-e1767021658737-rgvjb7iecck30m5dbhceawqeh3jgk20oz821rrvchs.jpg"},{"@type":"BreadcrumbList","@id":"https:\/\/propono.fr\/index.php\/soclage\/#breadcrumb","itemListElement":[{"@type":"ListItem","position":1,"name":"Accueil","item":"https:\/\/propono.fr\/"},{"@type":"ListItem","position":2,"name":"Soclage"}]},{"@type":"WebSite","@id":"https:\/\/propono.fr\/#website","url":"https:\/\/propono.fr\/","name":"Propono - Sc\u00e9nographie et soclage","description":"","publisher":{"@id":"https:\/\/propono.fr\/#organization"},"potentialAction":[{"@type":"SearchAction","target":{"@type":"EntryPoint","urlTemplate":"https:\/\/propono.fr\/?s={search_term_string}"},"query-input":{"@type":"PropertyValueSpecification","valueRequired":true,"valueName":"search_term_string"}}],"inLanguage":"fr-FR"},{"@type":"Organization","@id":"https:\/\/propono.fr\/#organization","name":"Propono","url":"https:\/\/propono.fr\/","logo":{"@type":"ImageObject","inLanguage":"fr-FR","@id":"https:\/\/propono.fr\/#\/schema\/logo\/image\/","url":"https:\/\/propono.fr\/wp-content\/uploads\/2025\/01\/propono-500-x-250-px-1.png","contentUrl":"https:\/\/propono.fr\/wp-content\/uploads\/2025\/01\/propono-500-x-250-px-1.png","width":1563,"height":469,"caption":"Propono"},"image":{"@id":"https:\/\/propono.fr\/#\/schema\/logo\/image\/"}}]}},"_links":{"self":[{"href":"https:\/\/propono.fr\/index.php\/wp-json\/wp\/v2\/pages\/1531","targetHints":{"allow":["GET"]}}],"collection":[{"href":"https:\/\/propono.fr\/index.php\/wp-json\/wp\/v2\/pages"}],"about":[{"href":"https:\/\/propono.fr\/index.php\/wp-json\/wp\/v2\/types\/page"}],"author":[{"embeddable":true,"href":"https:\/\/propono.fr\/index.php\/wp-json\/wp\/v2\/users\/1"}],"replies":[{"embeddable":true,"href":"https:\/\/propono.fr\/index.php\/wp-json\/wp\/v2\/comments?post=1531"}],"version-history":[{"count":107,"href":"https:\/\/propono.fr\/index.php\/wp-json\/wp\/v2\/pages\/1531\/revisions"}],"predecessor-version":[{"id":2187,"href":"https:\/\/propono.fr\/index.php\/wp-json\/wp\/v2\/pages\/1531\/revisions\/2187"}],"wp:attachment":[{"href":"https:\/\/propono.fr\/index.php\/wp-json\/wp\/v2\/media?parent=1531"}],"curies":[{"name":"wp","href":"https:\/\/api.w.org\/{rel}","templated":true}]}}